{"id":5331,"date":"2025-11-10T22:43:46","date_gmt":"2025-11-10T21:43:46","guid":{"rendered":"https:\/\/marine-rosset.fr\/?page_id=5331"},"modified":"2025-11-10T22:44:11","modified_gmt":"2025-11-10T21:44:11","slug":"ma-lettre-de-candidature","status":"publish","type":"page","link":"https:\/\/marine-rosset.fr\/index.php\/ma-lettre-de-candidature\/","title":{"rendered":"Ma lettre de candidature"},"content":{"rendered":"\n<p><strong>Les \u00e9lections municipales des 15 et 22 mars prochains<\/strong> seront d\u00e9cisives pour l\u2019avenir du 5e arrondissement et pour Paris. Les d\u00e9fis \u00e9cologiques, sociaux-\u00e9conomiques et d\u00e9mocratiques qui nous attendent n\u00e9cessitent une action politique d\u00e9termin\u00e9e pour r\u00e9pondre aux grandes transformations de notre temps ainsi qu\u2019aux attentes d\u2019am\u00e9lioration de la vie quotidienne de chacune et chacun.<\/p>\n\n\n\n<p><strong>C\u2019est pourquoi, j\u2019ai l\u2019honneur de vous pr\u00e9senter ma candidature pour devenir maire du 5e arrondissement<\/strong> et porter une vision d\u2019avenir au service de son histoire multis\u00e9culaire. J\u2019y ai \u00e9tudi\u00e9, construit ma famille, ma vie militante et beaucoup de mes engagements. Je si\u00e8ge au conseil d\u2019arrondissement depuis 2020 comme \u00e9lue socialiste. \u00catre \u00e9lue, \u00e0 mes yeux, signifie porter votre voix et me mettre \u00e0 votre service. C\u2019est l\u2019avenir du 5e que je vous propose d\u2019\u00e9crire ensemble.<\/p>\n\n\n\n<p><strong>Notre arrondissement est riche de ses universit\u00e9s, de sa vie \u00e9tudiante, de sa vie culturelle, <\/strong>mais ses atouts ne sont ni \u00e9ternels ni fig\u00e9s : ils doivent \u00eatre prot\u00e9g\u00e9s et encourag\u00e9s. Pour que l\u2019arrondissement du savoir reste attractif mondialement, nous investirons dans les synergies universitaires, scientifiques et de recherche, au service de la jeunesse, de l\u2019innovation et du rayonnement de Paris. Ce sont nos meilleures armes contre les attaques qui sapent notre d\u00e9mocratie et que je combats de toutes mes forces.<\/p>\n\n\n\n<p><strong>Je veux pr\u00e9parer l\u2019avenir de notre arrondissement face au d\u00e9r\u00e8glement climatique<\/strong> et acc\u00e9l\u00e9rer sa transition \u00e9cologique. Beaucoup a \u00e9t\u00e9 fait par la Ville de Paris, mais le d\u00e9fi reste immense. Pour r\u00e9ussir, soyons acteurs d\u2019une \u00e9cologie du quotidien qui donne des droits : mieux habiter, respirer, s\u2019alimenter et se d\u00e9placer, tout en r\u00e9duisant l\u2019empreinte carbone de notre arrondissement.<\/p>\n\n\n\n<p><strong>Je veux pr\u00e9parer l\u2019avenir de nos enfants.<\/strong> J\u2019ai fait de l\u2019\u00e9ducation et de la jeunesse le coeur de mon engagement politique et de ma vie professionnelle ; la r\u00e9ussite \u00e9ducative et l\u2019\u00e9mancipation de toutes et tous, de la cr\u00e8che aux \u00e9tudes sup\u00e9rieures seront mes priorit\u00e9s.<br><strong>Si la jeunesse est notre avenir, nous savons \u00e9galement ce que nous devons \u00e0 nos a\u00een\u00e9s. <\/strong>Notre arrondissement est aussi, parfois, celui de l\u2019isolement, la solitude, ou la perte d\u2019autonomie. Face \u00e0 cela je souhaite accompagner nos a\u00een\u00e9s dans leur quotidien et leur permettre de continuer \u00e0 vivre aupr\u00e8s de nous, dans leur 5e arrondissement.<br><strong>Je refuse que les prix d\u00e9mesur\u00e9s du logement, la hausse des r\u00e9sidences secondaires et des plateformes touristiques emp\u00eachent celles et ceux qui travaillent \u00e0 Paris d\u2019y habiter.<\/strong> Nos \u00e9coles en p\u00e2tissent, nos commerces et nos associations \u00e9galement. Chaque famille doit pouvoir se projeter \u00e0 long terme dans notre arrondissement, sans \u00eatre dans l\u2019obligation de partir parce que la ville serait d\u00e9vitalis\u00e9e ou r\u00e9serv\u00e9e \u00e0 quelques-uns.<br>Or, au cours de ses mandats, la maire du 5e n\u2019a pas su anticiper et pr\u00e9parer notre arrondissement aux d\u00e9fis \u00e9conomiques, \u00e9cologiques et sociaux de notre temps. Et la droite de Rachida Dati ne propose rien d\u2019autre que de d\u00e9construire m\u00e9thodiquement les progr\u00e8s r\u00e9alis\u00e9s ces derni\u00e8res d\u00e9cennies dans la capitale.<\/p>\n\n\n\n<p>Avec Bertrand Delano\u00eb et Anne Hidalgo, la gauche a permis qu\u2019un logement sur quatre \u00e9chappe \u00e0 la pr\u00e9dation du march\u00e9 gr\u00e2ce au logement social, a soutenu nos \u00e9coles publiques, les universit\u00e9s et la recherche, singuli\u00e8rement dans notre arrondissement. Elle a transform\u00e9 la ville et r\u00e9duit la pollution. Avec Emmanuel Gr\u00e9goire, je veux m\u2019inscrire dans cet h\u00e9ritage et faire en sorte que le 5e arrondissement participe \u00e0 la dynamique parisienne.<br>Durant les semaines qui viennent, je souhaite, avec mon \u00e9quipe, aller \u00e0 votre rencontre, \u00e9changer pour construire avec vous un 5e plus fraternel, plus partag\u00e9, plus \u00e9cologique et qui investit<\/p>\n\n\n\n<div data-wp-interactive=\"core\/file\" class=\"wp-block-file\"><object data-wp-bind--hidden=\"!state.hasPdfPreview\" hidden class=\"wp-block-file__embed\" data=\"https:\/\/marine-rosset.fr\/wp-content\/uploads\/2025\/11\/LETTRECANDIDATURE_MR26_WEB-1.pdf\" type=\"application\/pdf\" style=\"width:100%;height:600px\" aria-label=\"Embed of LETTRECANDIDATURE_MR26_WEB.\"><\/object><a id=\"wp-block-file--media-56d6e319-b2a1-4055-a9be-0081ce50d99e\" href=\"https:\/\/marine-rosset.fr\/wp-content\/uploads\/2025\/11\/LETTRECANDIDATURE_MR26_WEB-1.pdf\">LETTRECANDIDATURE_MR26_WEB<\/a><a href=\"https:\/\/marine-rosset.fr\/wp-content\/uploads\/2025\/11\/LETTRECANDIDATURE_MR26_WEB-1.pdf\" class=\"wp-block-file__button wp-element-button\" download aria-describedby=\"wp-block-file--media-56d6e319-b2a1-4055-a9be-0081ce50d99e\">T\u00e9l\u00e9charger<\/a><\/div>\n","protected":false},"excerpt":{"rendered":"<p>Les \u00e9lections municipales des 15 et 22 mars prochains seront d\u00e9cisives pour l\u2019avenir du 5e arrondissement et pour Paris. Les d\u00e9fis \u00e9cologiques, sociaux-\u00e9conomiques et d\u00e9mocratiques qui nous attendent n\u00e9cessitent une [&hellip;]<\/p>\n","protected":false},"author":1,"featured_media":0,"parent":0,"menu_order":0,"comment_status":"closed","ping_status":"closed","template":"","meta":{"_themeisle_gutenberg_block_has_review":false,"footnotes":""},"class_list":["post-5331","page","type-page","status-publish","hentry"],"yoast_head":"<!-- This site is optimized with the Yoast SEO plugin v22.3 - https:\/\/yoast.com\/wordpress\/plugins\/seo\/ -->\n<title>Ma lettre de candidature - Marine ROSSET<\/title>\n<meta name=\"robots\" content=\"index, follow, max-snippet:-1, max-image-preview:large, max-video-preview:-1\" \/>\n<link rel=\"canonical\" href=\"https:\/\/marine-rosset.fr\/index.php\/ma-lettre-de-candidature\/\" \/>\n<meta property=\"og:locale\" content=\"en_US\" \/>\n<meta property=\"og:type\" content=\"article\" \/>\n<meta property=\"og:title\" content=\"Ma lettre de candidature - Marine ROSSET\" \/>\n<meta property=\"og:description\" content=\"Les \u00e9lections municipales des 15 et 22 mars prochains seront d\u00e9cisives pour l\u2019avenir du 5e arrondissement et pour Paris. Les d\u00e9fis \u00e9cologiques, sociaux-\u00e9conomiques et d\u00e9mocratiques qui nous attendent n\u00e9cessitent une [&hellip;]\" \/>\n<meta property=\"og:url\" content=\"https:\/\/marine-rosset.fr\/index.php\/ma-lettre-de-candidature\/\" \/>\n<meta property=\"og:site_name\" content=\"Marine ROSSET\" \/>\n<meta property=\"article:modified_time\" content=\"2025-11-10T21:44:11+00:00\" \/>\n<meta name=\"twitter:card\" content=\"summary_large_image\" \/>\n<meta name=\"twitter:label1\" content=\"Est. reading time\" \/>\n\t<meta name=\"twitter:data1\" content=\"3 minutes\" \/>\n<script type=\"application\/ld+json\" class=\"yoast-schema-graph\">{\"@context\":\"https:\/\/schema.org\",\"@graph\":[{\"@type\":\"WebPage\",\"@id\":\"https:\/\/marine-rosset.fr\/index.php\/ma-lettre-de-candidature\/\",\"url\":\"https:\/\/marine-rosset.fr\/index.php\/ma-lettre-de-candidature\/\",\"name\":\"Ma lettre de candidature - Marine ROSSET\",\"isPartOf\":{\"@id\":\"https:\/\/marine-rosset.fr\/#website\"},\"datePublished\":\"2025-11-10T21:43:46+00:00\",\"dateModified\":\"2025-11-10T21:44:11+00:00\",\"breadcrumb\":{\"@id\":\"https:\/\/marine-rosset.fr\/index.php\/ma-lettre-de-candidature\/#breadcrumb\"},\"inLanguage\":\"en-US\",\"potentialAction\":[{\"@type\":\"ReadAction\",\"target\":[\"https:\/\/marine-rosset.fr\/index.php\/ma-lettre-de-candidature\/\"]}]},{\"@type\":\"BreadcrumbList\",\"@id\":\"https:\/\/marine-rosset.fr\/index.php\/ma-lettre-de-candidature\/#breadcrumb\",\"itemListElement\":[{\"@type\":\"ListItem\",\"position\":1,\"name\":\"Accueil\",\"item\":\"https:\/\/marine-rosset.fr\/\"},{\"@type\":\"ListItem\",\"position\":2,\"name\":\"Ma lettre de candidature\"}]},{\"@type\":\"WebSite\",\"@id\":\"https:\/\/marine-rosset.fr\/#website\",\"url\":\"https:\/\/marine-rosset.fr\/\",\"name\":\"Marine ROSSET\",\"description\":\"Marine Rosset pour le 5e\",\"publisher\":{\"@id\":\"https:\/\/marine-rosset.fr\/#organization\"},\"potentialAction\":[{\"@type\":\"SearchAction\",\"target\":{\"@type\":\"EntryPoint\",\"urlTemplate\":\"https:\/\/marine-rosset.fr\/?s={search_term_string}\"},\"query-input\":\"required name=search_term_string\"}],\"inLanguage\":\"en-US\"},{\"@type\":\"Organization\",\"@id\":\"https:\/\/marine-rosset.fr\/#organization\",\"name\":\"Marine ROSSET\",\"url\":\"https:\/\/marine-rosset.fr\/\",\"logo\":{\"@type\":\"ImageObject\",\"inLanguage\":\"en-US\",\"@id\":\"https:\/\/marine-rosset.fr\/#\/schema\/logo\/image\/\",\"url\":\"https:\/\/marine-rosset.fr\/wp-content\/uploads\/2025\/12\/Marine.png\",\"contentUrl\":\"https:\/\/marine-rosset.fr\/wp-content\/uploads\/2025\/12\/Marine.png\",\"width\":500,\"height\":500,\"caption\":\"Marine ROSSET\"},\"image\":{\"@id\":\"https:\/\/marine-rosset.fr\/#\/schema\/logo\/image\/\"}}]}<\/script>\n<!-- \/ Yoast SEO plugin. -->","yoast_head_json":{"title":"Ma lettre de candidature - Marine ROSSET","robots":{"index":"index","follow":"follow","max-snippet":"max-snippet:-1","max-image-preview":"max-image-preview:large","max-video-preview":"max-video-preview:-1"},"canonical":"https:\/\/marine-rosset.fr\/index.php\/ma-lettre-de-candidature\/","og_locale":"en_US","og_type":"article","og_title":"Ma lettre de candidature - Marine ROSSET","og_description":"Les \u00e9lections municipales des 15 et 22 mars prochains seront d\u00e9cisives pour l\u2019avenir du 5e arrondissement et pour Paris. Les d\u00e9fis \u00e9cologiques, sociaux-\u00e9conomiques et d\u00e9mocratiques qui nous attendent n\u00e9cessitent une [&hellip;]","og_url":"https:\/\/marine-rosset.fr\/index.php\/ma-lettre-de-candidature\/","og_site_name":"Marine ROSSET","article_modified_time":"2025-11-10T21:44:11+00:00","twitter_card":"summary_large_image","twitter_misc":{"Est. reading time":"3 minutes"},"schema":{"@context":"https:\/\/schema.org","@graph":[{"@type":"WebPage","@id":"https:\/\/marine-rosset.fr\/index.php\/ma-lettre-de-candidature\/","url":"https:\/\/marine-rosset.fr\/index.php\/ma-lettre-de-candidature\/","name":"Ma lettre de candidature - Marine ROSSET","isPartOf":{"@id":"https:\/\/marine-rosset.fr\/#website"},"datePublished":"2025-11-10T21:43:46+00:00","dateModified":"2025-11-10T21:44:11+00:00","breadcrumb":{"@id":"https:\/\/marine-rosset.fr\/index.php\/ma-lettre-de-candidature\/#breadcrumb"},"inLanguage":"en-US","potentialAction":[{"@type":"ReadAction","target":["https:\/\/marine-rosset.fr\/index.php\/ma-lettre-de-candidature\/"]}]},{"@type":"BreadcrumbList","@id":"https:\/\/marine-rosset.fr\/index.php\/ma-lettre-de-candidature\/#breadcrumb","itemListElement":[{"@type":"ListItem","position":1,"name":"Accueil","item":"https:\/\/marine-rosset.fr\/"},{"@type":"ListItem","position":2,"name":"Ma lettre de candidature"}]},{"@type":"WebSite","@id":"https:\/\/marine-rosset.fr\/#website","url":"https:\/\/marine-rosset.fr\/","name":"Marine ROSSET","description":"Marine Rosset pour le 5e","publisher":{"@id":"https:\/\/marine-rosset.fr\/#organization"},"potentialAction":[{"@type":"SearchAction","target":{"@type":"EntryPoint","urlTemplate":"https:\/\/marine-rosset.fr\/?s={search_term_string}"},"query-input":"required name=search_term_string"}],"inLanguage":"en-US"},{"@type":"Organization","@id":"https:\/\/marine-rosset.fr\/#organization","name":"Marine ROSSET","url":"https:\/\/marine-rosset.fr\/","logo":{"@type":"ImageObject","inLanguage":"en-US","@id":"https:\/\/marine-rosset.fr\/#\/schema\/logo\/image\/","url":"https:\/\/marine-rosset.fr\/wp-content\/uploads\/2025\/12\/Marine.png","contentUrl":"https:\/\/marine-rosset.fr\/wp-content\/uploads\/2025\/12\/Marine.png","width":500,"height":500,"caption":"Marine ROSSET"},"image":{"@id":"https:\/\/marine-rosset.fr\/#\/schema\/logo\/image\/"}}]}},"_links":{"self":[{"href":"https:\/\/marine-rosset.fr\/index.php\/wp-json\/wp\/v2\/pages\/5331","targetHints":{"allow":["GET"]}}],"collection":[{"href":"https:\/\/marine-rosset.fr\/index.php\/wp-json\/wp\/v2\/pages"}],"about":[{"href":"https:\/\/marine-rosset.fr\/index.php\/wp-json\/wp\/v2\/types\/page"}],"author":[{"embeddable":true,"href":"https:\/\/marine-rosset.fr\/index.php\/wp-json\/wp\/v2\/users\/1"}],"replies":[{"embeddable":true,"href":"https:\/\/marine-rosset.fr\/index.php\/wp-json\/wp\/v2\/comments?post=5331"}],"version-history":[{"count":3,"href":"https:\/\/marine-rosset.fr\/index.php\/wp-json\/wp\/v2\/pages\/5331\/revisions"}],"predecessor-version":[{"id":5335,"href":"https:\/\/marine-rosset.fr\/index.php\/wp-json\/wp\/v2\/pages\/5331\/revisions\/5335"}],"wp:attachment":[{"href":"https:\/\/marine-rosset.fr\/index.php\/wp-json\/wp\/v2\/media?parent=5331"}],"curies":[{"name":"wp","href":"https:\/\/api.w.org\/{rel}","templated":true}]}}